est common divisor of q and 63.
21
Suppose -o = 4 + 5. Let l = o + 17. Let n be (11220/714)/(3 + 79/(-28)). What is the highest common divisor of n and l?
8
Let v(u) = -148*u**3 - 22*u**2 - 70*u - 3. Let p be v(-3). What is the greatest common divisor of p and 60?
15
Suppose 14*q - 24377 = 49501. What is the greatest common divisor of q and 3?
3
Suppose -3*j + 13 = -14. Suppose -x - 16 = -j*x. Suppose 4*o - 68 = 4*g, -g = x*o - 1 - 18. What is the highest common divisor of 12 and o?
12
Let c be 260 + -10 + (-40)/2*-1. What is the greatest common factor of c and 330?
30
Suppose -8*i + 521 = -183. Let z = i + -46. Let s = 114 - 58. Calculate the highest common factor of s and z.
14
Let f(b) = b**3 + 24*b**2 + 58*b - 4. Let q be f(-14). What is the greatest common factor of q and 99?
11
Let i = -1451 + 1501. Calculate the greatest common factor of 4450 and i.
50
Suppose 0 = 3*i - 3 - 12. Let p be (-1 + 0)/(i/(2 - 27)). Suppose 3*n - p*y = 310, -5*y = -2*y - 12. What is the greatest common factor of n and 20?
10
Let q(t) = -t**3 + 69*t**2 - 326*t + 593. Let v be q(64). What is the greatest common factor of 1595 and v?
11
Let h = 62 - 17. Let r(g) = g**2 + 5*g - 20. Let m = -278 + 283. Let n be r(m). Calculate the highest common divisor of h and n.
15
Let n(d) = -d**3 - 96*d**2 + 293*d - 391. Let i be n(-99). Suppose -z - 15 = -2*z. Calculate the greatest common factor of i and z.
5
Let k = -454 + 0. Let w = -451 - k. Calculate the greatest common factor of w and 39.
3
Let n be (-3)/(10/2 + (-6)/1). Suppose n*c = -5*y + 38 + 78, -5*c = -3*y + 90. What is the greatest common divisor of y and 5?
5
Let x be -12*(0 + 10/(-4)). Let r(a) = 58*a**2 - a + 1. Let h be r(-1). Calculate the highest common divisor of h and x.
30
Suppose 147381 = 160*f - 8779. Calculate the highest common divisor of 256 and f.
16
Let q(d) = -27*d**2 - 7 + 3 + 7*d**2 + 21*d**2 + 24*d**3. Let a be q(2). What is the greatest common divisor of 18 and a?
6
Suppose 32*d = 65*d - 22*d - 462. What is the highest common factor of 609 and d?
21
Suppose 2*k + 3*k = -2*x + 13480, k - 20207 = -3*x. Calculate the highest common factor of 75 and x.
15
Suppose 5*l = 4*c + 813 + 175, 2*c + 2*l = -494. Let d = 252 + c. What is the greatest common divisor of 30 and d?
5
Suppose -3*x = 5*m - 42, -37 = -2*m - 2*x - 17. Let z(p) = 129*p - 3. Let n be z(3). Calculate the highest common factor of n and m.
6
Suppose -7*n - 21 + 84 = 0. Suppose -9 = -3*d + n. Let i = -12 + 60. Calculate the highest common divisor of d and i.
6
Let l(q) = -15*q**2 - 52*q + 1. Let p be l(-1). Calculate the greatest common factor of p and 3173.
19
Suppose -62*z = 4*v - 71*z - 51, 2*v - 26 = 4*z. Let l = -6 - -11. What is the greatest common factor of v and l?
5
Let s = -16425 + 19351. Calculate the highest common divisor of s and 3458.
266
Let x be (-248)/5 + 2/(-5). Let u = x + 49. Let p be u/(-4) + (-666)/(-24). Calculate the greatest common divisor of p and 7.
7
Suppose 6*b + 228 = -0*f + 2*f, -2*b = -3*f + 321. Calculate the greatest common divisor of f and 10710.
105
Suppose 3*z = -5*q + 46, z = -4*q + 48 - 7. Suppose 205 = 4*d + 5*o, 0 = q*d - 7*d + 4*o - 200. What is the highest common divisor of 30 and d?
15
Let y = 3385 + -2386. What is the greatest common divisor of y and 37?
37
Let a be ((-12)/(-4) + 0)/(11/4312). What is the greatest common factor of 420 and a?
84
Let f(a) = -a**2 - 20*a - 27. Let m be f(-13). Let i = -32 + m. Let h(o) = o**3 - o**2 - 9*o - 8. Let d be h(4). What is the greatest common factor of i and d?
4
Let k = 109 + -80. Let a(s) = -s**3 + 27*s**2 + 66*s - 16. Let h be a(k). Suppose 4*d + 0*d + g = 101, 4*g = 20. What is the highest common factor of h and d?
24
Suppose 16428 = 3*v - 4*c - 5978, -3*c = -5*v + 37347. Suppose -v = k - 11*k. Calculate the highest common factor of 83 and k.
83
Let h = 12134 - 12125. Calculate the highest common divisor of h and 8991.
9
Suppose 243*j - 2649692 + 965459 = 0. What is the greatest common factor of 87 and j?
29
Let z(n) be the second derivative of -n**3/6 + 13*n**2/2 - 42*n. Let g be z(2). Calculate the greatest common divisor of 88 and g.
11
Let b(j) = -34*j - 199. Let l be b(-6). Let d be (-16 - -28) + l/(10/8). What is the greatest common factor of d and 656?
16
Let a(n) = -5*n + 12 - 5*n - 4 - n**2 - 11. Let p be a(-7). Let c be 4 + -8 + 39 + 1. Calculate the highest common factor of p and c.
18
Let d be (72/(-6)*-1)/(8/752). Calculate the highest common divisor of d and 1316.
188
Let p be (-42)/(-6) + 13 + 1. Let k be ((-45)/p - -3)/((-3)/(-84)). What is the highest common divisor of 276 and k?
12
Let z be (4*(-15)/(-40))/((-3)/(-20)). Let s = z - -150. What is the greatest common divisor of 100 and s?
20
Suppose 0 = -2*h - 141 + 177. Let p be (-2)/2*(2 - 1). Let b be ((-6)/4)/(p/h). Calculate the highest common factor of b and 9.
9
Let i = -721 + 726. Suppose 145 = 5*v + i*q, -7 + 5 = 2*q. What is the highest common divisor of v and 450?
30
Suppose 2014 + 870 = 5*i + 3*w, 3*i = -w + 1728. Let v = i + -286. Calculate the greatest common factor of 17 and v.
17
Let i be 1 - 18/10 - 2376692/(-7340). Let g = -23 + 40. Calculate the highest common factor of i and g.
17
Suppose -4*l = -a + 2476, 2644 = 5*a + 4*l - 9640. Calculate the greatest common factor of 180 and a.
60
Let g be 1 - (6 + -1 + -94). Let j be ((-70)/(-3))/((-535)/g + 6). Calculate the highest common factor of 40 and j.
20
Suppose -2*l = -4*r + 764 - 540, -4*r + 212 = l. Calculate the greatest common divisor of r and 432.
54
Let l(n) = n**3 - 2*n**2 - 3*n - 4. Let w be l(-2). Let j be 110/((4/w)/((-4)/28)). Calculate the greatest common factor of j and 110.
55
Suppose 0*s = -2*w - 2*s + 2, -w + 4*s = -1. Let f be (-19822)/(-165) - (w + (-13)/15). Calculate the greatest common divisor of f and 40.
40
Let n = 26314 - 23588. What is the greatest common divisor of n and 376?
94
Suppose 114*n - 117*n = -4*t + 491, 5*n = t - 144. What is the greatest common divisor of t and 182?
7
Let i be (-39776)/(-1320) - (2 + (-28)/15). Calculate the greatest common factor of i and 12.
6
Suppose 0 = -2*m + 4*a + 4942, -2*m + 14*a = 15*a - 4932. Suppose 0 = -2*o - 3*o - 15, 0 = 4*u - o - m. What is the highest common factor of 56 and u?
56
Let a = 138 - 70. Suppose 9 = -3*c + 12. Let g be (c - 3)*238/(-28). Calculate the highest common factor of a and g.
17
Suppose -5*u = -z + 395, u + 3*z + 48 = -15. Let j be u*(1 - (9/6 + -1)). Let r = 73 + j. What is the highest common divisor of r and 102?
34
Let n = -695 - -707. Suppose 4*f + n = -4, 3*f + 1104 = 4*r. What is the highest common divisor of r and 42?
21
Suppose 0 = 2*u + 5*m - 36, 48 = 3*u + 4*m - 20. Let g = 267 + -225. Let c(h) = h**2 - 45*h + 140. Let i be c(g). What is the highest common factor of u and i?
14
Let a = -1492 - -1509. Suppose 5*q - 1236 = 719. What is the greatest common divisor of q and a?
17
Suppose -5*d - 10 = 0, 22*l + 3*d = 19*l + 9. Suppose l*g - 319 - 1169 = -o, 2*o + 1479 = 5*g. Calculate the highest common factor of g and 132.
33
Let b be (16*54/288)/(2/(-20)*-2). What is the highest common factor of b and 1410?
15
Let d be (-1)/(4/8) - 4. Let j be 8 - (-6 + (0 - -11)). Let m be (d/(-8))/(j/96). What is the highest common divisor of 8 and m?
8
Let y(p) = -2*p**3 + 0*p + 2*p**2 + 0*p - 22*p**2 - 47 + 15*p + 3*p**3. Let r be y(20). Calculate the greatest common factor of r and 92.
23
Let b(t) = 16*t**2 + 3*t + 2. Let m be b(-1). Suppose m = -4*j - 5. Let q be ((-2)/j)/((-15)/(-450)). Calculate the greatest common factor of 36 and q.
12
Suppose 19*f - 4*f + 60 = 0. Let g be (12/(-42))/(f/84). What is the greatest common divisor of g and 12?
6
Let l(n) = 2*n**2 + 43*n - 9. Let b be l(-25). Suppose -15*u = -254 - b. Calculate the greatest common factor of 14 and u.
14
Let s(t) = -2*t**3 + 44*t**2 - 13*t - 303. Let d be s(21). Calculate the highest common divisor of 272 and d.
34
Let u = -5466 + 8046. Calculate the greatest common factor of 180 and u.
60
Suppose -s + 531 = -749. Suppose -3*i - 7*i + s = 0. Calculate the greatest common divisor of i and 4.
4
Suppose 32*x - 5610 = -14*x - 5*x. What is the highest common factor of 5665 and x?
55
Let q = 7657 + -7630. Calculate the highest common factor of q and 3564.
27
Let d(n)